 -5/6*x**3 + 3/2*x**2 - 3*x + 1/24*x**4 + 0. Let j(t) be the first derivative of i(t). Determine j(-5).
-10
Let c(g) = g + 1. Let n(f) = -5*f - 7. Let r(a) = 6*c(a) + n(a). What is r(7)?
6
Let f(m) be the second derivative of m**3/6 + 7*m**2/2 + m. Determine f(-5).
2
Let w(c) = 2*c**3 + 12*c**2 + 7*c + 3. Let f(g) = g**3 + 6*g**2 + 3*g + 1. Let o(l) = -7*f(l) + 4*w(l). Determine o(-5).
-5
Let d = 86 + -83. Let c(p) = p - 6. What is c(d)?
-3
Let v(w) be the first derivative of 5*w**4/2 + 2*w**3/3 + w**2 + w + 9. Let m be 1/(3/(-3*1)). Give v(m).
-9
Let m(d) be the first derivative of 2 + d**2 + d - 1/4*d**4 - 2/3*d**3. Suppose 2*p + 2 = -2. What is m(p)?
-3
Let t(d) = 2*d - 1. Let y be (-3)/(4/(-8) + 2). Calculate t(y).
-5
Let i(f) = 9*f + 5. Let p(l) = -4*l - 3. Let r(v) = 3*i(v) + 7*p(v). What is r(-3)?
-3
Let z(l) = -5*l**3 - 6*l**2 + 1. Let v(x) = -9*x**3 - 12*x**2 - x + 2. Let f(g) = -4*v(g) + 7*z(g). Let p(t) = -2*t**2 + 2*t - 1. Let c be p(2). Determine f(c).
4
Suppose 6 = 4*k - 2. Let c(d) = d - 2*d + 2*d + k. What is c(-5)?
-3
Let g(m) = -4*m + 7. Let q(b) = 3*b - 8. Let z(v) = 4*g(v) + 5*q(v). Give z(-5).
-7
Suppose -3*d = -4*d. Let p(u) = 0*u**2 + 0*u - 5*u**2 + 2 - 3*u + d - u**3. Suppose 4*o - 3*f = -28, -4*f = f - 20. Calculate p(o).
-2
Suppose -3*x + 15 = 3. Suppose x*t = 3*t. Let n(w) = w**2 + 13. Give n(t).
13
Let j(b) = b**3 - 5*b**2 + 2*b - 7. Let x be j(5). Suppose 0 = n + 4*z - 2*z, 4*n = -5*z + 3. Let w(k) = -n*k + x + 0 + 3. Determine w(4).
-2
Let u be (6/3 - 37) + 1. Let w(x) = x - 4. Let p be (2/(-3))/((-1)/9). Let d(o) = 5*o - 23. Let b(z) = p*d(z) + u*w(z). Give b(-2).
6
Let d = -5 + 3. Let l be d/(-9) - (-50)/18. Suppose -1 = -2*x - l. Let w(h) = -h**3 + h**2 - 1. Give w(x).
1
Let x(k) = k**2 - 6*k - 4. Let p be x(7). Suppose p*r = 2*r. Let l(t) = -t + r*t + 2 + 4*t - t. Determine l(-3).
-4
Suppose 4*f - 3*n + 4 = -28, 5*f + 13 = -3*n. Let m(l) be the first derivative of -l**4/4 - 5*l**3/3 + l**2/2 + 3*l + 2. What is m(f)?
-2
Suppose -4*q + 30 = q. Let m(d) be the first derivative of d**4/4 - 2*d**3 + 5*d + 1. Calculate m(q).
5
Let j be -3 + -4*(-2)/(-4). Let u be (5 - 6) + (-6)/(-2). Let k(c) = c**2 + 3*c - 7 - 1 + u. Give k(j).
4
Let v(q) be the second derivative of q**4/12 - q**3/3 - q**2 + 9*q. Give v(3).
1
Let n(b) = b + 9. Let c(k) = 2*k + 4. Let l = -1 + 4. Let o be c(l). Suppose -y - o = y. Calculate n(y).
4
Let k(x) = x - 1. Suppose -7*t = t. What is k(t)?
-1
Let u(r) be the second derivative of r**5/120 + 7*r**4/24 - r**3/3 + 7*r. Let c(f) be the second derivative of u(f). Calculate c(0).
7
Let s(v) = -2*v**2 + 2*v**3 + 0*v**2 - v**3 - v. Suppose l + 8 = 7. Give s(l).
-2
Let i(y) = -y + 2. Let q(m) = -m**2 - 4*m + 1. Let t be q(-5). Calculate i(t).
6
Let x(y) = -y**3 + 6*y**2 + 7*y + 3. Let n = -37 - -44. Determine x(n).
3
Let g(y) = -2*y + 8. Let m(v) = 2*v + 21. Let h be m(-7). What is g(h)?
-6
Let y(c) = -c**3 + 6*c**2 + 7*c. Let a be y(7). Let t(i) = -2 + 11 - 10 + a + i. Give t(-5).
-6
Suppose 5*r + 3*f = 14, 5*r = 5*f - 9 - 1. Let h(x) = 8*x**2 - x + 1. What is h(r)?
8
Let q(g) = g**2 + 7*g. Let b = -119 + 114. What is q(b)?
-10
Let x(h) be the second derivative of h**5/60 + h**3/6 + 3*h**2 - 2*h. Let o(t) be the first derivative of x(t). Give o(2).
5
Let p(k) = k**3 + 2*k**2 - 2*k + 4. Let w be p(-3). Let s(j) = -j**2 - w - j + 8*j - 6*j. Calculate s(2).
-3
Let a(j) = 3 - j - 2 - j**2 - 1 - 1. Give a(-2).
-3
Let x be -4 - 5/((-30)/18). Let p(j) = j - 7*j + 2*j. What is p(x)?
4
Suppose -2*q + 7*q = -10. Let n(d) = 13*d**3 + 6*d**2 - 2*d - 2. Let c(b) = 9*b**3 + 4*b**2 - b - 1. Let g(l) = -7*c(l) + 5*n(l). What is g(q)?
-5
Let i(d) = -2*d + 3. Suppose 2*r - 1 = 7. Let a be (r/5)/((-2)/(-10)). Give i(a).
-5
Let z be (-124)/(-9) + 8/36. Let v = -8 + z. Let k(d) = 2 - d + 4 + 1 - v. Determine k(-1).
2
Let x(s) = s + 4. Suppose m - 4*m - 33 = 0. Let r(a) = -2*a - 8. Let o(g) = m*x(g) - 6*r(g). Give o(-6).
-2
Let w(s) = 6*s**2 + s - 1. Let c(p) = 6*p**2 + p - 1. Let i(f) = 6*c(f) - 7*w(f). Suppose -1 = -5*b + 4*b. Calculate i(b).
-6
Let b(s) be the second derivative of s**3/6 + 17*s**2/2 - 7*s. Let n(y) = -2*y - 34. Let i(j) = 13*b(j) + 6*n(j). Give i(0).
17
Let b(c) be the first derivative of c**4/4 + 8*c**3/3 + 9*c**2/2 + 5*c + 4. Calculate b(-6).
23
Let g(h) be the second derivative of -h**3/3 + h**2/2 - 15*h - 2. Give g(-3).
7
Let d be (-16)/(-6)*(-12)/8. Let s(v) be the third derivative of v**6/120 + v**5/12 + v**4/8 - 5*v**3/6 - 2*v**2. What is s(d)?
-1
Let w(l) = l**2 - l. Let t(g) = g. Let a(u) = 3*t(u) + 2*w(u). Calculate a(1).
3
Let p(k) = k**2 - 5*k. Let d be p(5). Let j(n) = 2*n + 1 + d - n + 5*n**2. What is j(-1)?
5
Suppose 2 - 14 = -3*m. Let z(r) = 0 - r**2 + 0*r + 0*r**2 + 1 + r. Determine z(m).
-11
Let w(t) be the second derivative of -t**6/30 - t**5/60 + 3*t**2/2 + 3*t. Let s(y) be the first derivative of w(y). What is s(1)?
-5
Let x(d) be the second derivative of -d**5/30 + d**4/6 - 5*d**3/6 - 7*d. Let b(l) be the second derivative of x(l). What is b(3)?
-8
Let b(x) = 10*x - 1. Let d(t) = -3*t + 1. Let v(l) = l. Let u(p) = 2*d(p) - 14*v(p). Suppose 6*o - 7*o + 6 = 0. Let y(j) = o*u(j) + 13*b(j). Determine y(-1).
-11
Let r(l) = -2*l - 3. Suppose 3*o + 5*h = 1 + 13, 3*o + 3*h = 12. Let v be ((-9)/o - -1) + -1. Give r(v).
3
Let t be 45/27 + 5/(-3). Suppose -2*r = -3*r. Let d(x) = -8 + 3 - x**2 + r*x**2. What is d(t)?
-5
Let p(c) = c**3 + c**2 - c - 1. Let y(h) = -4*h**3 + 2*h**2 + 10*h + 8. Let f(v) = -5*p(v) - y(v). Determine f(-4).
-31
Let p(b) = 3*b - 1. Let m be p(2). Let t(l) = -l**3 + 4*l**2 - 2*l + 0*l + 5*l + 7 - l. Determine t(m).
-8
Let s(n) = -n**2 + n - 3. Suppose 8*l = 5*l. Suppose 0 = -l*o + 2*o + 2, 0 = 4*p + 4*o + 4. What is s(p)?
-3
Let f(w) = -w + 1. Let b(o) = -4*o + 1. Let g be b(-3). Suppose g = 5*r + 38. Give f(r).
6
Let g(a) = 4*a**2 - 5*a**2 - 2 + 2*a + 4*a. Suppose -f + 4 = 8. Let c be (3 + f)/(1/(-5)). Give g(c).
3
Let b(j) = -j**3 + 3*j**2 + j + 1. Let v be b(3). Let w(i) = i**3 - 6*i**2 + 6*i. Determine w(v).
-8
Let y(n) = -n**3 - 4*n**2 + 3*n. Suppose -k - 20 = 5*m - 0*m, 4*m = -k - 16. What is y(m)?
-12
Suppose 4*m = 2 + 2. Let z = -3 + m. Let v(y) = 2*y**3 - 4*y + 2. Let b(l) = 3*l**3 + l**2 - 5*l + 3. Let r(w) = 3*b(w) - 4*v(w). Calculate r(z).
3
Suppose 4*l - 2*g = 6, -3*g = 5*l - 3 + 1. Let u(v) = -14*v**3 + v**2. Give u(l).
-13
Let n(z) be the second derivative of 3*z**3/2 - 17*z. Give n(1).
9
Let i(s) be the first derivative of 3*s**4/2 - 1. Suppose 4 + 2 = 3*k. Suppose 0 = -16*u + 18*u - k. Calculate i(u).
6
Let r be (-3 - 0)/(3/(-2)). Let f(l) be the first derivative of -5*l - 1 - 1/3*l**3 + r*l**2. Calculate f(5).
-10
Let r(f) = -f**3 + 5. Let n(x) = 1. Suppose -23 - 2 = -5*s. Let i(l) = s*n(l) - r(l). Determine i(0).
0
Let d(q) be the first derivative of -q**3/3 + 3*q + 1. Let r = 27 - 30. Calculate d(r).
-6
Let n(l) = l**2 + 8*l + 4. Let f(k) = -k**3 - k**2 - 2*k + 35. Let w be f(0). Suppose 6*m - w = 11*m. Determine n(m).
-3
Let r(k) = -2*k**2 + k + 1. Let a = 12 + -13. Give r(a).
-2
Let x(m) = -5*m + 3. Let p be (-2)/(-4) + (-66)/(-12). Let s(c) = 4*c - 2. Let i(t) = p*s(t) + 4*x(t). Give i(1).
4
Let h(g) = 3*g + 5. Let s(m) = m + 3. Let j(z) = 2*h(z) - 5*s(z). Determine j(-7).
-12
Let d(a) = a**3 + 5*a**2 + 4*a + 5. Let f = 79 - 83. Determine d(f).
5
Let k(x) = -9*x + 14*x - 6*x. What is k(-2)?
2
Let u(x) = x**3 + x**2 - x - 1. Let a = 3 - 5. Suppose d + 1 = -0*d. Let r be (a - d) + 0 + 1. What is u(r)?
-1
Let c(n) = -12*n**3 - n**2 + 1. Let u be c(-1). Suppose u = 4*s - 0. Suppose 2*i + 12 = 2*x, x + 3*x = -s*i + 17. Let g(t) = t**2 - 3*t - 6. Determine g(x).
4
Let f(w) be the second derivative of -w**3/6 - 7*w**2/2 + 4*w. Let c = -14 + 7. Calculate f(c).
0
Let n(w) = 4*w**3 + w + 1. Suppose -5*d + 10 = 4*p - p, 2*d + 3*p + 5 = 0. Suppose 0 = -5*g - 3*k - d, -g + 5 = -6*g + 2*k. Calculate n(g).
-4
Let c = 128881/120 + -1074. Let y(j) be the third derivative of -1/30*j**5 - 1/6*j**3 + 0*j - 5/24*j**4 + 0 + c*j**6 - 2*j**2. Calculate y(4).
11
Let q(v) = -v**3 - 4*v**2 + 4*v + 4. Let i be (-156)/32 - (-2)/(-16). What is q(i)?
9
Let q(x) = -x - 2. Let o = 1 - 7. Let i be q(o). Let n(m) = m**3 - 3*m**2 - 4*m - 4. Give n(i).
-4
Let g(x) = x**3 + 2*x